-p**3 + 6*p + 11. Give h(-4).
51
Let q(n) = -n**2 - 144*n - 1815. Give q(-14).
5
Let s(v) = 33*v - 25. What is s(4)?
107
Let f(m) = m**3 + 134*m**2 - 24414*m - 717. Calculate f(-237).
-6
Let t(x) = -33*x + 204. Calculate t(10).
-126
Let p(l) = 3*l**3 - 22*l**2 - 23*l + 69. Calculate p(8).
13
Let v(g) = -4*g - 105. Give v(-30).
15
Let n(o) = -o**3 + 134*o**2 - 127*o - 832. Give n(133).
-34
Let g(z) = -139*z + 243. What is g(2)?
-35
Let f(b) = -b**2 + 10*b + 182. Calculate f(22).
-82
Let b(a) = -4*a**2 - 19*a - 85. What is b(-7)?
-148
Let n(s) = s**3 + 50*s**2 + 106*s + 5309. Give n(-50).
9
Let f(k) = 59*k**3 - k**2 - 71*k - 70. Give f(-1).
-59
Let g(r) = -r**3 - 134*r**2 - 391*r + 255. Give g(-131).
-7
Let t(m) = -9*m - 153. Give t(-17).
0
Let b(y) = -4*y**2 + 220*y - 111. Calculate b(53).
313
Let y(m) = -2*m**2 + 66*m + 57. Determine y(35).
-83
Let n(r) = r**3 + 6*r**2 - 26*r + 11. What is n(-9)?
2
Let z(w) = 774*w - 8472. Determine z(11).
42
Let a(g) = -g**3 + 45*g**2 + 42*g + 186. What is a(46)?
2
Let s(t) = -4*t**2 + 124*t + 3545. Calculate s(-18).
17
Let n(t) = 2*t**3 + 32*t**2 + 75*t - 24. Calculate n(-13).
15
Let x(c) = c**3 - 18*c**2 + 70*c - 59. Calculate x(12).
-83
Let u(t) = -25*t + 638. Calculate u(30).
-112
Let u(b) = 11*b**2 - 991*b + 96. Determine u(90).
6
Let y(s) = -s**2 - 31*s - 175. Give y(-21).
35
Let m(t) = -3*t**3 - 3*t**2 + 3*t + 12. Give m(2).
-18
Let i(y) = y**2 - 638*y + 8716. What is i(14)?
-20
Let x(y) = -y**3 - 18*y**2 + 141*y - 53. Determine x(-24).
19
Let c(y) = 2*y**3 - 17*y**2 + 5*y. Calculate c(6).
-150
Let b(t) = -2*t**2 - 8*t + 572. Calculate b(17).
-142
Let q(r) = -11603*r - 11579. Determine q(-1).
24
Let t(o) = -26*o**2 - 186*o - 296. Determine t(-3).
28
Let l(q) = -2*q**2 - 299*q + 2045. Determine l(-156).
17
Let a(r) = -2*r**3 - 3*r**2 + 2*r + 21. What is a(5)?
-294
Let b(y) = y**3 - 67*y**2 + 133*y - 198. What is b(65)?
-3
Let n(v) = 3*v**2 - 7*v - 194. Calculate n(-7).
2
Let b(w) = -25*w + 817. What is b(33)?
-8
Let l(m) = 581*m - 18589. Give l(32).
3
Let v(l) = -26*l + 106. Determine v(4).
2
Let s(r) = 3*r**3 - 6*r**2 + 3*r + 7. What is s(3)?
43
Let m(u) = u**3 - 14*u**2 - 38*u - 9. Determine m(17).
212
Let c(f) = -43*f**2 - 5504*f + 86. Calculate c(-128).
86
Let p(k) = 175*k + 58964. Determine p(-337).
-11
Let i(u) = 84*u + 6829. Calculate i(-81).
25
Let o(g) = 22*g + 2113. Calculate o(-94).
45
Let v(g) = -g**3 - 11*g**2 + 178*g + 13. What is v(9)?
-5
Let a(u) = u**3 + 2*u**2 - 52*u - 128. What is a(-7)?
-9
Let f(i) = 49*i - 484. What is f(10)?
6
Let p(q) = -13*q**3 + 2*q**2 + 2109*q - 2110. Determine p(1).
-12
Let h(p) = p**3 - 123*p**2 - 4051*p + 158. Determine h(150).
8
Let g(a) = -2*a**3 - 15*a**2 - 18*a - 59. Calculate g(-6).
-59
Let k(x) = -57*x**2 - 739*x + 25. Determine k(-13).
-1
Let p(q) = 2*q**3 - 47*q**2 - 18*q - 158. Give p(24).
-14
Let b(c) = 299*c - 61890. Determine b(207).
3
Let r(k) = -k**3 + 7*k**2 + 139*k + 54. Give r(16).
-26
Let i(b) = 12*b + 569. What is i(-32)?
185
Let g(r) = -26*r**3 - 8*r - 11. Calculate g(-2).
213
Let r(i) = -30*i + 16. Determine r(-4).
136
Let u(f) = -3*f**3 - 63*f**2. Determine u(-21).
0
Let q(s) = s**3 + 12*s**2 + 13*s + 10. Determine q(-9).
136
Let m(o) = 6*o**3 + 13*o - 17. Give m(2).
57
Let p(t) = -t + 58. Give p(12).
46
Let s(q) = 2*q**3 + 59*q**2 + 24*q - 122. Calculate s(-29).
23
Let b(f) = f**3 - 121*f**2 + 565*f + 1744. What is b(116)?
4
Let o(b) = b**2 - 87*b + 995. What is o(17)?
-195
Let q(f) = -14*f**2 - 81*f + 19. Calculate q(-6).
1
Let k(o) = o**3 - 21*o**2 - 87*o + 14. Calculate k(24).
-346
Let r(s) = -s - 57. Determine r(-13).
-44
Let g(b) = -10*b - 659. Give g(-67).
11
Let i(v) = -4*v**3 + 21*v**2 - 5*v - 6. Calculate i(5).
-6
Let r(f) = 17*f - 114. Calculate r(8).
22
Let w(b) = -b**3 - 39*b**2 + 50*b - 89. Give w(-40).
-489
Let c(x) = 8*x**3 + 2*x**2 - 43*x + 78. Calculate c(2).
64
Let z(s) = -s**3 + 32*s**2 + 218*s + 9. Determine z(-6).
69
Let b(z) = -553*z - 372. Calculate b(-1).
181
Let x(h) = -12372*h - 37109. What is x(-3)?
7
Let k(z) = -323*z - 1017. Determine k(-3).
-48
Let x(t) = -29*t + 727. Give x(24).
31
Let x(g) = -g**3 - 37*g**2 + 37*g + 28. Give x(-38).
66
Let r(z) = 93*z + 62. Calculate r(-5).
-403
Let u(z) = -12*z**2 + 43*z. Give u(6).
-174
Let x(s) = -s**3 + 40*s**2 + 179*s - 174. Calculate x(44).
-42
Let i(h) = 3*h**3 - 15*h**2 - 70*h + 10. Give i(-4).
-142
Let i(t) = -4094*t + 24556. Determine i(6).
-8
Let n(o) = -3*o**3 + 41*o**2 - 31*o - 21. Calculate n(14).
-651
Let f(z) = 2*z**3 - 101*z**2 - 56*z + 264. What is f(51)?
9
Let m(g) = 164*g + 7057. What is m(-43)?
5
Let p(k) = k**3 + 18*k**2 - 86*k - 43. Determine p(-22).
-87
Let h(q) = -2*q**2 + 4*q - 1. What is h(0)?
-1
Let i(f) = -3*f**3 + 21*f**2 + 8*f + 3. Calculate i(7).
59
Let u(y) = 24*y + 1461. Give u(-61).
-3
Let v(u) = -22*u + 23. Give v(0).
23
Let j(s) = 6*s**2 - 91*s + 445. What is j(6)?
115
Let c(w) = -1034*w + 317. Give c(0).
317
Let z(r) = r**2 - 28*r + 4. Give z(24).
-92
Let l(k) = -628*k + 133770. Determine l(213).
6
Let c(w) = 3*w**2 - 16*w - 7. Determine c(5).
-12
Let x(h) = h**3 - 19*h**2 + 23*h - 104. What is x(18)?
-14
Let q(d) = 91*d + 4090. What is q(-45)?
-5
Let l(p) = 30*p**2 - 1169*p - 35. What is l(39)?
4
Let c(t) = -7*t**3 - 131*t**2 + 25*t - 83. What is c(-19)?
164
Let u(m) = 15970*m - 1. Give u(0).
-1
Let q(w) = -20*w - 688. Determine q(-35).
12
Let l(k) = 71*k**2 - 194*k + 194. Determine l(1).
71
Let q(z) = z**3 + 8*z**2 + 7*z. What is q(-8)?
-56
Let o(k) = -k**2 + 70*k - 675. Determine o(12).
21
Let r(n) = -330*n**2 - 9*n - 8. Determine r(-1).
-329
Let a(x) = 2*x**2 - 16*x - 21. Determine a(9).
-3
Let w(l) = -l**2 + 371*l - 1480. What is w(4)?
-12
Let d(z) = -2*z**3 + 3*z**2 + 56*z + 132. Determine d(-6).
336
Let z(l) = -l**2 - 5168*l + 1. Calculate z(0).
1
Let f(a) = a**3 - 95*a**2 - 71*a - 2402. What is f(96)?
-2
Let c(s) = -166*s - 94. Determine c(0).
-94
Let w(p) = 2*p**3 - 69*p**2 - 40*p + 157. Determine w(35).
-18
Let o(p) = 8*p**2 - 9*p - 10. Determine o(-1).
7
Let z(k) = -4*k**2 - k - 17. Give z(0).
-17
Let v(h) = -h**3 + 9*h**2 + 977*h + 118. What is v(-27)?
-17
Let k(p) = -1544*p + 4596. Calculate k(3).
-36
Let k(f) = -134*f + 4093. Calculate k(30).
73
Let b(c) = c**3 - 10*c**2 + c + 79. What is b(9)?
7
Let m(i) = -i**3 + 8*i**2 + 556*i + 128. Determine m(28).
16
Let d(x) = -x**3 + 26*x**2 + 88*x - 2812. What is d(25)?
13
Let o(w) = 719*w**2 - 2157*w - 5. Determine o(3).
-5
Let f(k) = 2022*k - 68755. What is f(34)?
-7
Let k(h) = 394*h + 5967. What is k(-15)?
57
Let w(v) = 2*v**3 + 6*v**2 + 399*v + 1181. Calculate w(-3).
-16
Let u(i) = i**3 + 8*i**2 - 10*i - 1. Give u(-8).
79
Let m(l) = -5*l - 5. Determine m(1).
-10
Let o(l) = 3*l**2 + 14*l - 71. Calculate o(4).
33
Let y(f) = -32*f + 292. Determine y(11).
-60
Let g(z) = -87*z - 314. What is g(-4)?
34
Let v(o) = -o**3 - o**2 - 7*o + 73. Calculate v(-8).
577
Let d(r) = -44*r - 6149. Determine d(-140).
11
Let f(b) = b**3 - 85*b**2 - 84*b - 177. Give f(86).
-5
Let m(s) = s**3 + 11*s**2 + 17*s + 33. Determine m(-10).
-37
Let h(q) = -q**3 - 113*q**2 + 13*q + 1106. Calculate h(-113).
-363
Let b(p) = -p**2 - 133*p - 758. Determine b(-6).
4
Let u(f) = 24*f - 576. Determine u(25).
24
Let f(b) = -b**3 + 24*b - 10. Calculate f(-6).
62
Let r(y) = -y**3 + 12*y**2 - 25*y - 59. What is r(9)?
-41
Let s(k) = -k**3 - 32*k**2 + 455*k - 784. Calculate s(-43).
-10
Let k(m) = 4*m**3 + 15*m**2 - 30*m - 33. What is k(-8)?
-881
Let t(w) = w**3 + 4*w**2 - 20*w - 47. Calculate t(4).
1
Let j(i) = 46*i - 242. Determine j(8).
126
Let j(i) = -i**2 - 5*i + 1793. What is j(40)?
-7
Let c(l) = 117*l**2 - 5*l - 4. Determine c(-1).
118
Let k(l) = 80*l + 3921. What is k(-49)?
1
Let t(k) = 3*k**2 - 145*k - 147. What is t(-1)?
1
Let n(o) = 7*o**3 + 671*o**2 - 97*o - 176. Give n(-96).
-80
Let t(v) = -v**2 + 1025*v + 4121. Calculate t(-4).
5
Let q(j) = 2*j**3 + 7*j**2 - 35*j + 17. What is q(4)?
117
Let k(m) = -567*m - 25477. What is k(-45)?
38
Let q(h) = h**3 - 17*h**2 - 5*h + 59. Calculate q(17).
-26
Let r(y) = -939*y + 28179. Calculate r(30).
9
Let s(t) = 3*t**2 + 3*t - 93. Give s(0).
-93
Let a(t) = -27162*t + 217295. Calculate a(8).
-1
Let z(a) = 4*a**3 - 144*a**2 - 145*a - 1. Give z(37).
110
Let s(p) = 2*p**3 -